442123
In base 7, what is 1 + -2521450?
-2521446
In base 12, what is -217a2 + -31?
-21813
In base 2, what is -100001011 + 11101111111?
11001110100
In base 16, what is -a + 8d08?
8cfe
In base 14, what is 141 + c?
14d
In base 6, what is -4 + -45032?
-45040
In base 16, what is 2ff - 2?
2fd
In base 16, what is e3 - -80?
163
In base 14, what is 2 + -6bd2d?
-6bd2b
In base 10, what is -5182 + 10?
-5172
In base 10, what is -54 + 1701?
1647
In base 13, what is 595b + 1c?
597a
In base 5, what is 1033122 - 144?
1032423
In base 5, what is 113343000 + 1?
113343001
In base 7, what is 20 + -322335?
-322315
In base 11, what is 312 - 629?
-317
In base 15, what is -269 + -2b?
-295
In base 13, what is -52705 - 29?
-52731
In base 12, what is -20a6 + 0?
-20a6
In base 9, what is 48340 - 16?
48323
In base 15, what is -4a6 - -b?
-49a
In base 7, what is -335015 - 3?
-335021
In base 11, what is 10 + 24994?
249a4
In base 4, what is -100323 - -3312?
-31011
In base 16, what is 1 + -38000?
-37fff
In base 4, what is 201 + -201001?
-200200
In base 11, what is -10 - -28358?
28348
In base 6, what is -5 + 12210330?
12210321
In base 13, what is -8 + -873?
-87b
In base 3, what is -11 + -2200011000?
-2200011011
In base 3, what is -1010 + -12120212?
-12121222
In base 16, what is -9 - -153d?
1534
In base 16, what is -5a + 121c?
11c2
In base 3, what is 10 - -110221101?
110221111
In base 4, what is 131 + 1030232?
1031023
In base 12, what is -6bb78 + -2?
-6bb7a
In base 7, what is -41660 + 5?
-41652
In base 5, what is -1310 + -14214?
-21024
In base 12, what is -14a046 + 2?
-14a044
In base 8, what is -2 + -104626?
-104630
In base 2, what is -11010 + 110010100000?
110010000110
In base 13, what is 5 - 2b992?
-2b98a
In base 8, what is -44 + 3446?
3402
In base 6, what is 1 + -3041222?
-3041221
In base 2, what is -10000100011000101 - 11?
-10000100011001000
In base 6, what is 23351 - -12?
23403
In base 8, what is -10 - -2226?
2216
In base 13, what is -121c + -a1?
-12c0
In base 15, what is -10b6c + 6b?
-10b01
In base 16, what is -3c + 1502?
14c6
In base 9, what is 2 - 53447?
-53445
In base 10, what is -4 + -21093?
-21097
In base 12, what is -8516 + -13?
-8529
In base 4, what is -310210211 + 1?
-310210210
In base 5, what is 2304 - -2141?
10000
In base 15, what is 22d + -b1?
16c
In base 16, what is 2f06 + ac?
2fb2
In base 12, what is 0 + 7b?
7b
In base 11, what is 1 - 6934?
-6933
In base 15, what is -8 + 165db?
165d3
In base 14, what is -995 - -43?
-952
In base 12, what is -484b - -16?
-4835
In base 11, what is -153 - -3678?
3525
In base 3, what is 21 + 10021001?
10021022
In base 11, what is -2 - -9a22?
9a20
In base 6, what is 1442 + -1014?
424
In base 12, what is a26 + 64?
a8a
In base 8, what is -1465 + 240?
-1225
In base 10, what is 37 + -335?
-298
In base 7, what is 25321 - 204?
25114
In base 5, what is 30 - -1342111?
1342141
In base 15, what is -319d - 8?
-31a6
In base 9, what is -24387 + 2?
-24385
In base 12, what is -2abba9 + 0?
-2abba9
In base 10, what is 10634 + -4?
10630
In base 5, what is 11 - -1211?
1222
In base 12, what is 583 + -13?
570
In base 13, what is 4 - -98222?
98226
In base 8, what is -1 + -33612?
-33613
In base 13, what is -3aa - -21?
-389
In base 10, what is 748 + -6?
742
In base 5, what is -311 - -101402?
101041
In base 12, what is 23 - b05?
-aa2
In base 3, what is -11 + 20121112200?
20121112112
In base 4, what is 231013302 + -11?
231013231
In base 2, what is -101 - -11010110?
11010001
In base 6, what is 10 - -1541121?
1541131
In base 14, what is -266182 - 5?
-266187
In base 12, what is -973b1 + 2?
-973ab
In base 9, what is 76734 - 5?
76728
In base 9, what is 282 - 76?
205
In base 5, what is 111113 + -144?
110414
In base 14, what is 6367 - -36?
639d
In base 10, what is -6124625 - 4?
-6124629
In base 5, what is -24201 + -30311?
-110012
In base 13, what is 28b3 - 9?
28a7
In base 14, what is -4 + 2949?
2945
In base 16, what is -5 + 891ff?
891fa
In base 8, what is -1 - -771440?
771437
In base 8, what is -113 + 470?
355
In base 5, what is 1014200 + 0?
1014200
In base 3, what is -122000000111 + -11?
-122000000122
In base 16, what is -4 + 7f79?
7f75
In base 5, what is -1124322 + -1?
-1124323
In base 4, what is 13331223 - 0?
13331223
In base 14, what is -4213 + -222?
-4435
In base 14, what is -5 - -2965?
2960
In base 14, what is 59adb - -2?
59add
In base 8, what is -1634 - -15522?
13666
In base 8, what is -2 - 5175305?
-5175307
In base 16, what is -40c + -880?
-c8c
In base 14, what is 17a08 + -33?
179b5
In base 4, what is 2311323 - -103?
2312032
In base 10, what is 11293 - 251?
11042
In base 3, what is 10 - 2211202212?
-2211202202
In base 14, what is 0 - 77c0b?
-77c0b
In base 2, what is -11001000111010 + 11?
-11001000110111
In base 4, what is 322113313 - 2?
322113311
In base 4, what is -1 + 12121100?
12121033
In base 13, what is c6b - -c?
c7a
In base 5, what is -12 - -2244224?
2244212
In base 5, what is 1022432 + -10?
1022422
In base 5, what is -4042103 - -10?
-4042043
In base 12, what is -19 - -620b3?
62096
In base 9, what is -118346 + -5?
-118352
In base 3, what is 22221001121201 + -2?
22221001121122
In base 8, what is -4426 + -55?
-4503
In base 2, what is -1010001010100110 - 1010?
-1010001010110000
In base 11, what is -148 + -276?
-413
In base 7, what is -35 - 531?
-566
In base 15, what is -92be + 2?
-92bc
In base 2, what is 0 + -1110111101001111011?
-1110111101001111011
In base 9, what is -40026 - -5?
-40021
In base 7, what is -21166 + 100?
-21066
In base 10, what is -1 - -1342994?
1342993
In base 7, what is 41224626 + 2?
41224631
In base 16, what is 1a - bcd4?
-bcba
In base 2, what is -1111110010010 - -110010?
-1111101100000
In base 11, what is -1 - 56205?
-56206
In base 6, what is 1021 + 524?
1545
In base 4, what is -3201 + 1131211?
1122010
In base 3, what is -11101 - -111211?
100110
In base 7, what is 3 + -1111164?
-1111161
In base 7, what is -10 - -14323?
14313
In base 11, what is 329a61 - -1?
329a62
In base 16, what is -558 - -a3?
-4b5
In base 5, what is -32302 - -144?
-32103
In base 10, what is 1 + -4225?
-4224
In base 3, what is 10 - 101210220012?
-101210220002
In base 3, what is 2221 + -2212220?
-2202222
In base 8, what is 54407 + 113?
54522
In base 11, what is -5423a + -15?
-54254
In base 4, what is -3212 + -133332?
-203210
In base 12, what is -5 - 1a61a3?
-1a61a8
In base 15, what is 22 + 29a1?
29c3
In base 3, what is 11 - 2112202?
-2112121
In base 11, what is -152a8 - -9?
-1529a
In base 13, what is 891 + -94?
7ca
In base 13, what is -24105 + -21?
-24126
In base 3, what is 0 + 211210102002?
211210102002
In base 15, what is -2abd4 - 3?
-2abd7
In base 7, what is -4 - -6643?
6636
In base 5, what is -4 - -214044?
214040
In base 5, what is 12311 - -444?
13310
In base 3, what is 10110 - 2211212?
-2201102
In base 5, what is -12000 + -32?
-12032
In base 10, what is -7858 - -2?
-7856
In base 2, what is 10101001101 - 1110?
10100111111
In base 3, what is 11 + -1021120101?
-1021120020
In base 9, what is 202 - -3264?
3466
In base 12, what is 639702 + 5?
639707
In base 10, what is -3 + -367915?
-367918
In base 13, what is -a0 - a52b?
-a5cb
In base 5, what is 43142 + -3113?
40024
In base 10, what is 113 + -1093?
-980
In base 9, what is -58828 + 6?
-58822
In base 9, what is -6073 + 65?
-6007
In base 6, what is -2 + -5545350?
-5545352
In base 15, what is 2b5 - a32?
-76c
In base 11, what is -379a + 2?
-3798
In base 7, what is 1 - 22236?
-22235
In base 11, what is 5 + 71687?
71691
In base 7, what is 13200 + -22?
13145
In base 14, what is 24d88 - 2?
24d86
In base 13, what is 0 - -1869?
1869
In base 8, what is -172371 - -5?
-172364
In base 14, what is -50252 - 0?
-50252
In base 6, what is -100032 + -33?
-100105
In base 9, what is -41656 + 8?
-41647
In base 3, what is 11022021 - 1212?
11020102
In base 15, what is -12e6 + -5?
-12eb
In base 4, what is 120000 - 22?
113312
In base 9, what is -5 + -45076?
-45082
In base 6, what is 21 + 42422?
42443
In base 13, what is -589 + 8?
-581
In base 16, what is 3da222 + 1?
3da223
In base 6, what is 11553 + 20102?
32055
In base 2, what is 1000010 + -11001010?
-10001000
In base 14, what is 153 + 50?
1a3
In base 12, what is 5 + -3236?
-3231
In base 13, what is 16b74 + 4?
16b78
In base 4, what is -10313 + -2220120?
-2231033
In base 9, what is 201 - 313